he prime factors of 8290273.
8290273
List the prime factors of 52080.
2, 3, 5, 7, 31
What are the prime factors of 29328166?
2, 7, 139, 2153
List the prime factors of 814748.
2, 11, 18517
What are the prime factors of 5087824?
2, 7, 45427
What are the prime factors of 4235478?
2, 3, 13, 4177
List the prime factors of 856006.
2, 428003
List the prime factors of 23915295.
3, 5, 179, 2969
What are the prime factors of 248612?
2, 7, 13, 683
List the prime factors of 1288337.
1288337
List the prime factors of 452945.
5, 157, 577
What are the prime factors of 169100?
2, 5, 19, 89
What are the prime factors of 140888?
2, 11, 1601
What are the prime factors of 4465?
5, 19, 47
List the prime factors of 534934.
2, 23, 29, 401
List the prime factors of 294982.
2, 83, 1777
List the prime factors of 2155547.
43, 50129
List the prime factors of 10320286.
2, 5160143
List the prime factors of 91304.
2, 101, 113
What are the prime factors of 2392530?
2, 3, 5, 7, 11393
List the prime factors of 11057905.
5, 17, 19, 41, 167
What are the prime factors of 16555763?
7, 2365109
What are the prime factors of 2074369?
11, 188579
List the prime factors of 13443707.
23, 584509
List the prime factors of 4179194.
2, 823, 2539
List the prime factors of 2296064.
2, 8969
List the prime factors of 2684006.
2, 13, 103231
List the prime factors of 1968700.
2, 5, 19687
List the prime factors of 304487.
17, 17911
List the prime factors of 17164055.
5, 149, 23039
What are the prime factors of 184515?
3, 5, 12301
What are the prime factors of 1061929?
11, 19, 5081
What are the prime factors of 38876631?
3, 107, 281, 431
List the prime factors of 150014.
2, 107, 701
List the prime factors of 225198.
2, 3, 12511
List the prime factors of 946889.
241, 3929
List the prime factors of 8827194.
2, 3, 29, 97, 523
List the prime factors of 1298708.
2, 59, 5503
What are the prime factors of 213225?
3, 5, 2843
List the prime factors of 3904208.
2, 7, 11, 3169
What are the prime factors of 6203467?
73, 84979
List the prime factors of 21473.
109, 197
What are the prime factors of 1284041?
11, 116731
What are the prime factors of 1970776?
2, 17, 43, 337
What are the prime factors of 329548?
2, 82387
What are the prime factors of 590426?
2, 31, 89, 107
What are the prime factors of 9712075?
5, 388483
What are the prime factors of 114258?
2, 3, 137, 139
What are the prime factors of 634126?
2, 317063
List the prime factors of 2512.
2, 157
List the prime factors of 3057664.
2, 1493
List the prime factors of 163497.
3, 54499
List the prime factors of 1531772.
2, 11, 31, 1123
What are the prime factors of 3343676?
2, 7, 119417
List the prime factors of 12596960.
2, 5, 131, 601
What are the prime factors of 19888907?
1229, 16183
List the prime factors of 7632286.
2, 17, 37, 6067
What are the prime factors of 812402?
2, 19, 21379
List the prime factors of 4649254.
2, 563, 4129
What are the prime factors of 27537?
3, 67, 137
List the prime factors of 758872.
2, 29, 3271
What are the prime factors of 3306039?
3, 11, 100183
What are the prime factors of 19314925?
5, 7, 19, 37, 157
List the prime factors of 343039.
83, 4133
What are the prime factors of 122661?
3, 7, 11, 59
What are the prime factors of 173875?
5, 13, 107
List the prime factors of 214011.
3, 7, 43, 79
List the prime factors of 425023.
643, 661
What are the prime factors of 4500423?
3, 29, 43, 401
What are the prime factors of 16445309?
16445309
List the prime factors of 235450.
2, 5, 17, 277
List the prime factors of 484299.
3, 1993
List the prime factors of 894019.
7, 127717
What are the prime factors of 180075?
3, 5, 7
What are the prime factors of 3006752?
2, 7, 31, 433
What are the prime factors of 385672?
2, 7, 71, 97
What are the prime factors of 275982?
2, 3, 7, 6571
List the prime factors of 469287.
3, 7, 13, 191
What are the prime factors of 165206?
2, 17, 43, 113
What are the prime factors of 45414485?
5, 571, 15907
List the prime factors of 86794.
2, 43397
What are the prime factors of 31622779?
31622779
What are the prime factors of 2920923?
3, 17, 1123
What are the prime factors of 12412?
2, 29, 107
What are the prime factors of 1205055?
3, 5, 61, 439
What are the prime factors of 3762207?
3, 46447
What are the prime factors of 4323156?
2, 3, 313, 1151
What are the prime factors of 3503076?
2, 3, 291923
What are the prime factors of 10189964?
2, 2547491
What are the prime factors of 2771422?
2, 967, 1433
What are the prime factors of 237375?
3, 5, 211
List the prime factors of 959338.
2, 367, 1307
List the prime factors of 60598.
2, 41, 739
What are the prime factors of 9935223?
3, 3311741
What are the prime factors of 5593471?
13, 430267
List the prime factors of 296151.
3, 98717
List the prime factors of 880298.
2, 83, 5303
List the prime factors of 1507603.
1507603
List the prime factors of 8242307.
79, 101, 1033
What are the prime factors of 1658629?
7, 236947
List the prime factors of 3579983.
11, 325453
What are the prime factors of 499101?
3, 43, 53, 73
What are the prime factors of 3210477?
3, 661, 1619
What are the prime factors of 1034294?
2, 587, 881
What are the prime factors of 1154683?
41, 28163
List the prime factors of 29646602.
2, 31, 478171
List the prime factors of 11362731.
3, 67, 56531
What are the prime factors of 438286?
2, 219143
What are the prime factors of 1293192?
2, 3, 5987
What are the prime factors of 716449?
716449
What are the prime factors of 201340?
2, 5, 10067
List the prime factors of 2697804.
2, 3, 137, 547
What are the prime factors of 59398?
2, 17, 1747
What are the prime factors of 2273328?
2, 3, 15787
List the prime factors of 3475917.
3, 19, 20327
List the prime factors of 30309514.
2, 15154757
List the prime factors of 1072458.
2, 3, 59581
List the prime factors of 824576.
2, 3221
List the prime factors of 17758577.
17758577
List the prime factors of 3529139.
43, 82073
What are the prime factors of 614407?
229, 2683
What are the prime factors of 6178840?
2, 5, 113, 1367
List the prime factors of 2577290.
2, 5, 97, 2657
What are the prime factors of 14328515?
5, 163, 17581
What are the prime factors of 627424?
2, 7, 2801
What are the prime factors of 228797?
228797
List the prime factors of 978112.
2, 17, 29, 31
List the prime factors of 1266883.
1266883
What are the prime factors of 10457741?
7, 1493963
What are the prime factors of 2057295?
3, 5, 137153
List the prime factors of 649202.
2, 31, 37, 283
List the prime factors of 478229.
103, 4643
List the prime factors of 1065374.
2, 532687
What are the prime factors of 4056613?
11, 368783
What are the prime factors of 178358?
2, 257, 347
What are the prime factors of 9985957?
227, 43991
List the prime factors of 101647.
7, 13, 1117
What are the prime factors of 212538?
2, 3, 35423
What are the prime factors of 106465?
5, 107, 199
What are the prime factors of 18255831?
3, 11, 553207
List the prime factors of 683782.
2, 11, 31081
What are the prime factors of 8320232?
2, 1040029
List the prime factors of 200619.
3, 22291
What are the prime factors of 520285?
5, 17, 6121
List the prime factors of 197509.
13, 15193
List the prime factors of 72147.
3, 24049
What are the prime factors of 2208770?
2, 5, 220877
List the prime factors of 981367.
31, 31657
What are the prime factors of 489481?
17, 28793
What are the prime factors of 22020722?
2, 47, 317, 739
List the prime factors of 6745.
5, 19, 71
List the prime factors of 736864.
2, 23027
What are the prime factors of 321354?
2, 3, 11, 541
What are the prime factors of 12152783?
12152783
What are the prime factors of 8914264?
2, 1114283
List the prime factors of 332984.
2, 107, 389
What are the prime factors of 606011?
7, 86573
What are the prime factors of 503379?
3, 55931
List the prime factors of 1171719.
3, 43397
List the prime factors of 382510.
2, 5, 29, 1319
What are the prime factors of 252381?
3, 84127
What are the prime factors of 84349?
84349
What are the prime factors of 3468519?
3, 385391
List the prime factors of 13626977.
7, 13, 11519
List the prime factors of 21577730.
2, 5, 19, 113567
List the prime factors of 22261775.
5, 397, 2243
List the prime factors of 251179.
251179
What are the prime factors of 2317837?
1129, 2053
List the prime factors of 240573.
3, 80191
Wha